{"id":1391,"date":"2017-10-16T20:42:36","date_gmt":"2017-10-16T18:42:36","guid":{"rendered":"http:\/\/www.gleitschirmfreunde-taunusstein.de\/?page_id=1391"},"modified":"2026-04-27T08:20:08","modified_gmt":"2026-04-27T06:20:08","slug":"ehrenmitglieder","status":"publish","type":"page","link":"https:\/\/gleitschirmfreunde-taunusstein.de\/?page_id=1391","title":{"rendered":"Ehrenmitglieder"},"content":{"rendered":"<p><span style=\"font-size: 14pt;\"><strong>April 2026<\/strong><\/span><\/p>\n<p style=\"text-align: center;\"><span style=\"font-size: 14pt;\"><strong>Klaus Walter<\/strong><\/span><\/p>\n<p><span style=\"font-size: 14pt;\"><strong>Im April 2026 wurde Klaus Walter zum Ehrenvorsitzenden ernannt.<\/strong><\/span><br \/>\n<span style=\"font-size: 14pt;\"><strong>Klaus Walter leitete viele Jahre lang die Geschicke des Vereins als 1. Vorsitzender, bis er 2025 sein Amt aus gesundheitlichen Gr\u00fcnden niederleget. Im Rahmen der Jahreshauptversammlung 2026 \u00fcberreichte Harald Berger eine Urkunde an Klaus Walter und dankte f\u00fcr sein unerm\u00fcdliches Engagement f\u00fcr den Verein.<\/strong><\/span><\/p>\n<p>&nbsp;<\/p>\n<p><em><strong>Dezember 2019<\/strong><\/em><\/p>\n<p style=\"text-align: center;\"><em><span style=\"font-size: 14pt;\"><strong>Karlheinz K\u00fchn, Gerd Rothhaupt<\/strong><\/span><\/em><\/p>\n<p><em><strong>Im Dezember 2019 wurden Karlheinz K\u00fchn und Gerd Rothaupt die Ehrenmitgliedschaft verliehen. Karlheinz und Gerd haben sich \u00fcber 20 Jahre im Vorstand des Vereins engagiert und die Entwicklung des Vereins als Vorstandsmitglieder aktiv gelenkt. Lieber Karlheinz, lieber Gerd: 1000 lieben Dank f\u00fcr die geleistete Arbeit und die vielen gemeinsamen Stunden mit euch. Es ist immer wundersch\u00f6n mit euch!<\/strong><\/em><\/p>\n<p><em><strong><span style=\"font-size: 12pt;\">Unser Erster Vorsitzender, Klaus Walter, \u00fcberreichte Karlheinz und Gerd eine Ehrenurkunde und dankte f\u00fcr ihren unerm\u00fcdlichen Einsatz f\u00fcr die Gleitschirmfreunde Taunusstein.<\/span><\/strong><\/em><\/p>\n<p>&nbsp;<\/p>\n<table style=\"border-collapse: collapse; width: 100%;\">\n<tbody>\n<tr>\n<td style=\"width: 50%;\"><img loading=\"lazy\" decoding=\"async\" src=\"http:\/\/gleitschirmfreunde-taunusstein.de\/wp-content\/uploads\/2019\/12\/kalle_klaus.jpeg\" alt=\"kalle_u_klaus\" width=\"300\" height=\"400\" \/><\/td>\n<td style=\"width: 50%;\"><img decoding=\"async\" src=\"http:\/\/gleitschirmfreunde-taunusstein.de\/wp-content\/uploads\/2019\/12\/gerd_klaus.jpeg\" alt=\"\" width=\"300\" \/><\/td>\n<\/tr>\n<\/tbody>\n<\/table>\n<p>&nbsp;<\/p>\n<p>&nbsp;<\/p>\n<p>&nbsp;<\/p>\n","protected":false},"excerpt":{"rendered":"<p>April 2026 Klaus Walter Im April 2026 wurde Klaus Walter zum Ehrenvorsitzenden ernannt. Klaus Walter leitete viele Jahre lang die Geschicke des Vereins als 1. Vorsitzender, bis er 2025 sein Amt aus gesundheitlichen Gr\u00fcnden niederleget. Im Rahmen der Jahreshauptversammlung 2026 \u00fcberreichte Harald Berger eine Urkunde an Klaus Walter und dankte \u2026 <a class=\"continue-reading-link\" href=\"https:\/\/gleitschirmfreunde-taunusstein.de\/?page_id=1391\"> Continue reading <span class=\"meta-nav\">&rarr; <\/span><\/a><\/p>\n","protected":false},"author":2,"featured_media":0,"parent":0,"menu_order":0,"comment_status":"closed","ping_status":"closed","template":"","meta":{"_mc_calendar":[],"footnotes":""},"class_list":["post-1391","page","type-page","status-publish","hentry"],"_links":{"self":[{"href":"https:\/\/gleitschirmfreunde-taunusstein.de\/index.php?rest_route=\/wp\/v2\/pages\/1391","targetHints":{"allow":["GET"]}}],"collection":[{"href":"https:\/\/gleitschirmfreunde-taunusstein.de\/index.php?rest_route=\/wp\/v2\/pages"}],"about":[{"href":"https:\/\/gleitschirmfreunde-taunusstein.de\/index.php?rest_route=\/wp\/v2\/types\/page"}],"author":[{"embeddable":true,"href":"https:\/\/gleitschirmfreunde-taunusstein.de\/index.php?rest_route=\/wp\/v2\/users\/2"}],"replies":[{"embeddable":true,"href":"https:\/\/gleitschirmfreunde-taunusstein.de\/index.php?rest_route=%2Fwp%2Fv2%2Fcomments&post=1391"}],"version-history":[{"count":16,"href":"https:\/\/gleitschirmfreunde-taunusstein.de\/index.php?rest_route=\/wp\/v2\/pages\/1391\/revisions"}],"predecessor-version":[{"id":2960,"href":"https:\/\/gleitschirmfreunde-taunusstein.de\/index.php?rest_route=\/wp\/v2\/pages\/1391\/revisions\/2960"}],"wp:attachment":[{"href":"https:\/\/gleitschirmfreunde-taunusstein.de\/index.php?rest_route=%2Fwp%2Fv2%2Fmedia&parent=1391"}],"curies":[{"name":"wp","href":"https:\/\/api.w.org\/{rel}","templated":true}]}}