{"id":334,"date":"2013-03-30T16:34:09","date_gmt":"2013-03-30T15:34:09","guid":{"rendered":"http:\/\/wp.gleitschirmfreunde-taunusstein.com\/?page_id=334"},"modified":"2026-04-12T15:25:18","modified_gmt":"2026-04-12T13:25:18","slug":"aus-und-weiterbildung","status":"publish","type":"page","link":"https:\/\/gleitschirmfreunde-taunusstein.de\/?page_id=334","title":{"rendered":"Aus- und Weiterbildung"},"content":{"rendered":"<div>D<span style=\"font-size: small;\">iese Rubrik will zur Aus- und Weiterbildung von Pilotinnen und Piloten beitragen. Wir werden hier kontinuierlich versuchen wichtige Themen aufzugreifen und f\u00fcr die Aus- und Weiterbildung aufzubereiten.<\/span><br \/>\n<span style=\"font-size: small;\">Nat\u00fcrlich ist das auch eine Aufforderung, Beitr\u00e4ge zu erstellen und damit zur Aus- und Weiterbildung beizutragen.<\/span><br \/>\n<span style=\"font-size: small;\">Wer Beitrage erstellt oder n\u00fctzliche Tips zum &#8222;Posten&#8220; hat, der schickt sie bitte an: webmaster (\u00e4t) gleitschirmfreunde-taunusstein.de<\/span><\/div>\n<div><\/div>\n<div><span style=\"font-size: small;\"><strong><br \/>\n<\/strong><\/span><\/p>\n<h1><\/h1>\n<h1 id=\"watch-headline-title\"><strong><span style=\"font-size: small;\">Fliegen ist Freiheit &#8230;aber wie wird man Pilotin?<\/span><\/strong><\/h1>\n<p><iframe loading=\"lazy\" src=\"\/\/www.youtube.com\/embed\/UmV966PwwsQ\" width=\"425\" height=\"350\" frameborder=\"0\"><\/iframe><\/p>\n<p><span style=\"font-size: small;\">Linksammlung zu Aus- und Weiterbildungsthemen<\/span><\/p>\n<table style=\"height: 58px;\" border=\"0\">\n<tbody>\n<tr>\n<td><span style=\"font-size: small;\"><a href=\"https:\/\/secais.dfs.de\/pilotservice\/home.jsp\" target=\"_blank\" rel=\"noopener\">Luftr\u00e4ume Europa (ICAO)<\/a><\/span><\/td>\n<td><span style=\"font-size: small;\"><a href=\"http:\/\/gleitschirmfreunde-taunusstein.de\/wp-content\/uploads\/2015\/01\/duinsoaren_duits_internetversie.pdf\" target=\"_blank\" rel=\"noopener\">Flyer zum D\u00fcnenfliegen (Download)<br \/>\n<\/a><\/span><\/td>\n<\/tr>\n<tr>\n<td><span style=\"font-size: 10pt;\"><a href=\"https:\/\/secais.dfs.de\/pilotservice\/briefing\/aup\/aup_edit.jsp\">ICAO-Online-Karte<\/a><\/span><\/td>\n<td><\/td>\n<\/tr>\n<tr>\n<td><span style=\"font-size: small;\">\u00a0<\/span><\/td>\n<td><span style=\"font-size: small;\">\u00a0<\/span><\/td>\n<\/tr>\n<\/tbody>\n<\/table>\n<p>&nbsp;<\/p>\n<\/div>\n<p>&nbsp;<\/p>\n","protected":false},"excerpt":{"rendered":"<p>Diese Rubrik will zur Aus- und Weiterbildung von Pilotinnen und Piloten beitragen. Wir werden hier kontinuierlich versuchen wichtige Themen aufzugreifen und f\u00fcr die Aus- und Weiterbildung aufzubereiten. Nat\u00fcrlich ist das auch eine Aufforderung, Beitr\u00e4ge zu erstellen und damit zur Aus- und Weiterbildung beizutragen. Wer Beitrage erstellt oder n\u00fctzliche Tips zum \u2026 <a class=\"continue-reading-link\" href=\"https:\/\/gleitschirmfreunde-taunusstein.de\/?page_id=334\"> Continue reading <span class=\"meta-nav\">&rarr; <\/span><\/a><\/p>\n","protected":false},"author":2,"featured_media":0,"parent":0,"menu_order":0,"comment_status":"closed","ping_status":"closed","template":"","meta":{"_mc_calendar":[],"footnotes":""},"class_list":["post-334","page","type-page","status-publish","hentry"],"_links":{"self":[{"href":"https:\/\/gleitschirmfreunde-taunusstein.de\/index.php?rest_route=\/wp\/v2\/pages\/334","targetHints":{"allow":["GET"]}}],"collection":[{"href":"https:\/\/gleitschirmfreunde-taunusstein.de\/index.php?rest_route=\/wp\/v2\/pages"}],"about":[{"href":"https:\/\/gleitschirmfreunde-taunusstein.de\/index.php?rest_route=\/wp\/v2\/types\/page"}],"author":[{"embeddable":true,"href":"https:\/\/gleitschirmfreunde-taunusstein.de\/index.php?rest_route=\/wp\/v2\/users\/2"}],"replies":[{"embeddable":true,"href":"https:\/\/gleitschirmfreunde-taunusstein.de\/index.php?rest_route=%2Fwp%2Fv2%2Fcomments&post=334"}],"version-history":[{"count":20,"href":"https:\/\/gleitschirmfreunde-taunusstein.de\/index.php?rest_route=\/wp\/v2\/pages\/334\/revisions"}],"predecessor-version":[{"id":2940,"href":"https:\/\/gleitschirmfreunde-taunusstein.de\/index.php?rest_route=\/wp\/v2\/pages\/334\/revisions\/2940"}],"wp:attachment":[{"href":"https:\/\/gleitschirmfreunde-taunusstein.de\/index.php?rest_route=%2Fwp%2Fv2%2Fmedia&parent=334"}],"curies":[{"name":"wp","href":"https:\/\/api.w.org\/{rel}","templated":true}]}}