{"id":82,"date":"2013-03-25T18:04:54","date_gmt":"2013-03-25T16:04:54","guid":{"rendered":"http:\/\/wp.gleitschirmfreunde-taunusstein.com\/?page_id=82"},"modified":"2021-04-03T13:05:27","modified_gmt":"2021-04-03T11:05:27","slug":"windenstart","status":"publish","type":"page","link":"https:\/\/gleitschirmfreunde-taunusstein.de\/?page_id=82","title":{"rendered":"Windenstart"},"content":{"rendered":"<p><b><span style=\"font-size: 10pt;\">Singhofen<\/span><\/b><\/p>\n<table style=\"width: 749px;\" border=\"0\">\n<tbody>\n<tr>\n<td style=\"width: 289px;\"><span style=\"font-size: 10pt;\"><b>50\u00b016\u2019220\u201d N, 07\u00b051\u2019220\u201d O <\/b><\/span><\/td>\n<td style=\"width: 305px;\" rowspan=\"6\"><span style=\"font-size: 10pt;\"><img loading=\"lazy\" decoding=\"async\" class=\"\" src=\"http:\/\/gleitschirmfreunde-taunusstein.de\/wp-content\/uploads\/2017\/10\/Singhofen-A.jpg\" alt=\"Laufendelden\" width=\"326\" height=\"179\" \/><\/span><\/td>\n<\/tr>\n<tr>\n<td style=\"width: 289px;\"><span style=\"font-size: 10pt;\">Startrichtung: \u00a0 \u00a0 \u00a0 \u00a0 40\u00b0 oder 220\u00b0<\/span><\/td>\n<\/tr>\n<tr>\n<td style=\"width: 289px;\"><span style=\"font-size: 10pt;\">Schleppl\u00e4nge:\u00a0\u00a0\u00a0\u00a0\u00a0\u00a0\u00a0 ca. 850m<\/span><\/td>\n<\/tr>\n<tr>\n<td style=\"width: 289px;\"><span style=\"font-size: 10pt;\">Nutzung:\u00a0\u00a0\u00a0\u00a0\u00a0\u00a0\u00a0\u00a0\u00a0\u00a0\u00a0\u00a0\u00a0\u00a0\u00a0 ganzj\u00e4hrig<\/span><\/td>\n<\/tr>\n<tr>\n<td style=\"width: 289px;\"><span style=\"font-size: 10pt;\"><b>Eigentum des LSC Singhofen<\/b><\/span><\/td>\n<\/tr>\n<tr>\n<td style=\"width: 289px;\"><\/td>\n<\/tr>\n<\/tbody>\n<\/table>\n<p><iframe style=\"width: 580px; height: 250px;\" src=\"https:\/\/widget.holfuy.com\/?station=1239&amp;su=km\/h&amp;t=C&amp;lang=de&amp;mode=detailed\" frameborder=\"0\" marginwidth=\"1\" marginheight=\"1\" scrolling=\"no\"><\/iframe><\/p>\n<p>&nbsp;<\/p>\n<p>&nbsp;<\/p>\n<p>&nbsp;<\/p>\n<p><span style=\"font-size: small;\"><a href=\"http:\/\/www.dhv.de\/db2\/details.php?qi=glp_details&amp;popup=1&amp;item=992\" target=\"_blank\" rel=\"noopener\"><b>Strinz-Margareth\u00e4<\/b><\/a> <b>Gel\u00e4nde ist bis zur Heuernte gesperrt!!<\/b><\/span><\/p>\n<table style=\"width: 659px; height: 313px;\" border=\"0\">\n<tbody>\n<tr>\n<td><span style=\"font-size: small;\"><b>50\u00b013\u201905\u201d N, 08\u00b009\u201900\u201d O <\/b><\/span><\/td>\n<td><span style=\"font-size: small;\">\u00a0<\/span><\/td>\n<td rowspan=\"6\"><span style=\"font-size: small;\"><img loading=\"lazy\" decoding=\"async\" src=\"http:\/\/gleitschirmfreunde-taunusstein.de\/wp-content\/uploads\/2013\/03\/strinz_052010.jpg\" alt=\"Strinz\" width=\"291\" height=\"295\" \/><\/span><\/td>\n<\/tr>\n<tr>\n<td><span style=\"font-size: small;\">Startrichtung:\u00a0\u00a0\u00a0\u00a0\u00a0\u00a0\u00a0\u00a0 90\u00b0 oder 270\u00b0<\/span><\/td>\n<td><span style=\"font-size: small;\">\u00a0<\/span><\/td>\n<\/tr>\n<tr>\n<td><span style=\"font-size: small;\">Schleppl\u00e4nge:\u00a0\u00a0\u00a0\u00a0\u00a0\u00a0\u00a0 ca. 600m<\/span><\/td>\n<td><span style=\"font-size: small;\">\u00a0<\/span><\/td>\n<\/tr>\n<tr>\n<td><span style=\"font-size: small;\">Nutzung:\u00a0\u00a0\u00a0\u00a0\u00a0\u00a0\u00a0\u00a0\u00a0\u00a0\u00a0\u00a0\u00a0\u00a0\u00a0\u00a0\u00a0 ganzj\u00e4hrig<\/span><\/td>\n<td><span style=\"font-size: small;\">\u00a0<\/span><\/td>\n<\/tr>\n<tr>\n<td><span style=\"font-size: small;\"><b>Autos am Friedhof parken! <\/b><\/span><\/td>\n<td><span style=\"font-size: small;\">\u00a0<\/span><\/td>\n<\/tr>\n<tr>\n<td><span style=\"font-size: small;\">\u00a0<\/span><\/td>\n<td><span style=\"font-size: small;\">\u00a0<\/span><\/td>\n<\/tr>\n<\/tbody>\n<\/table>\n<p><span style=\"font-size: small;\">\u00a0<\/span><\/p>\n<p><span style=\"font-size: small;\"><b>Lorch-Espenschied <\/b><\/span><\/p>\n<table style=\"width: 667px; height: 333px;\" border=\"0\">\n<tbody>\n<tr>\n<td><span style=\"font-size: small;\"><b>50\u00b006\u201935\u201d N, 07\u00b053\u201910\u201d O <\/b><\/span><\/td>\n<td><span style=\"font-size: small;\">\u00a0<\/span><\/td>\n<td rowspan=\"6\">\n<p align=\"center\"><span style=\"font-size: small;\"><img loading=\"lazy\" decoding=\"async\" src=\"http:\/\/gleitschirmfreunde-taunusstein.de\/wp-content\/uploads\/2013\/03\/espenschied.jpg\" alt=\"Espenschied\" width=\"300\" height=\"192\" \/><\/span><\/p>\n<\/td>\n<\/tr>\n<tr>\n<td><span style=\"font-size: small;\">Startrichtung: 230\u00b0 SW<\/span><\/td>\n<td><span style=\"font-size: small;\">\u00a0<\/span><\/td>\n<\/tr>\n<tr>\n<td><span style=\"font-size: small;\">Schleppl\u00e4nge: ca. 650m<\/span><\/td>\n<td><span style=\"font-size: small;\">\u00a0<\/span><\/td>\n<\/tr>\n<tr>\n<td><span style=\"font-size: small;\">Nutzung:\u00a0\u00a0\u00a0\u00a0\u00a0 (ab 15.August)<\/span><\/td>\n<td><span style=\"font-size: small;\">\u00a0<\/span><\/td>\n<\/tr>\n<tr>\n<td><span style=\"font-size: small;\"><b>Fahrzeuge bitte an der Ger\u00e4tehalle <\/b><b>gegen\u00fcber Sportplatz parken!<\/b><\/span><\/td>\n<td><span style=\"font-size: small;\">\u00a0<\/span><\/td>\n<\/tr>\n<tr>\n<td><span style=\"font-size: small;\">\u00a0<\/span><\/td>\n<td><span style=\"font-size: small;\">\u00a0<\/span><\/td>\n<\/tr>\n<\/tbody>\n<\/table>\n<p><span style=\"font-size: small;\">\u00a0<\/span><\/p>\n","protected":false},"excerpt":{"rendered":"<p>Singhofen 50\u00b016\u2019220\u201d N, 07\u00b051\u2019220\u201d O Startrichtung: \u00a0 \u00a0 \u00a0 \u00a0 40\u00b0 oder 220\u00b0 Schleppl\u00e4nge:\u00a0\u00a0\u00a0\u00a0\u00a0\u00a0\u00a0 ca. 850m Nutzung:\u00a0\u00a0\u00a0\u00a0\u00a0\u00a0\u00a0\u00a0\u00a0\u00a0\u00a0\u00a0\u00a0\u00a0\u00a0 ganzj\u00e4hrig Eigentum des LSC Singhofen &nbsp; &nbsp; &nbsp; Strinz-Margareth\u00e4 Gel\u00e4nde ist bis zur Heuernte gesperrt!! 50\u00b013\u201905\u201d N, 08\u00b009\u201900\u201d O \u00a0 Startrichtung:\u00a0\u00a0\u00a0\u00a0\u00a0\u00a0\u00a0\u00a0 90\u00b0 oder 270\u00b0 \u00a0 Schleppl\u00e4nge:\u00a0\u00a0\u00a0\u00a0\u00a0\u00a0\u00a0 ca. 600m \u00a0 Nutzung:\u00a0\u00a0\u00a0\u00a0\u00a0\u00a0\u00a0\u00a0\u00a0\u00a0\u00a0\u00a0\u00a0\u00a0\u00a0\u00a0\u00a0 ganzj\u00e4hrig \u00a0 Autos \u2026 <a class=\"continue-reading-link\" href=\"https:\/\/gleitschirmfreunde-taunusstein.de\/?page_id=82\"> Continue reading <span class=\"meta-nav\">&rarr; <\/span><\/a><\/p>\n","protected":false},"author":2,"featured_media":0,"parent":0,"menu_order":0,"comment_status":"closed","ping_status":"closed","template":"","meta":{"_mc_calendar":[],"footnotes":""},"class_list":["post-82","page","type-page","status-publish","hentry"],"_links":{"self":[{"href":"https:\/\/gleitschirmfreunde-taunusstein.de\/index.php?rest_route=\/wp\/v2\/pages\/82","targetHints":{"allow":["GET"]}}],"collection":[{"href":"https:\/\/gleitschirmfreunde-taunusstein.de\/index.php?rest_route=\/wp\/v2\/pages"}],"about":[{"href":"https:\/\/gleitschirmfreunde-taunusstein.de\/index.php?rest_route=\/wp\/v2\/types\/page"}],"author":[{"embeddable":true,"href":"https:\/\/gleitschirmfreunde-taunusstein.de\/index.php?rest_route=\/wp\/v2\/users\/2"}],"replies":[{"embeddable":true,"href":"https:\/\/gleitschirmfreunde-taunusstein.de\/index.php?rest_route=%2Fwp%2Fv2%2Fcomments&post=82"}],"version-history":[{"count":11,"href":"https:\/\/gleitschirmfreunde-taunusstein.de\/index.php?rest_route=\/wp\/v2\/pages\/82\/revisions"}],"predecessor-version":[{"id":2297,"href":"https:\/\/gleitschirmfreunde-taunusstein.de\/index.php?rest_route=\/wp\/v2\/pages\/82\/revisions\/2297"}],"wp:attachment":[{"href":"https:\/\/gleitschirmfreunde-taunusstein.de\/index.php?rest_route=%2Fwp%2Fv2%2Fmedia&parent=82"}],"curies":[{"name":"wp","href":"https:\/\/api.w.org\/{rel}","templated":true}]}}