{"id":88,"date":"2013-03-25T18:10:45","date_gmt":"2013-03-25T16:10:45","guid":{"rendered":"http:\/\/wp.gleitschirmfreunde-taunusstein.com\/?page_id=88"},"modified":"2025-10-12T11:30:35","modified_gmt":"2025-10-12T09:30:35","slug":"reisen","status":"publish","type":"page","link":"https:\/\/gleitschirmfreunde-taunusstein.de\/?page_id=88","title":{"rendered":"Reisen"},"content":{"rendered":"<p dir=\"ltr\"><span style=\"font-size: 12pt;\"><strong>Reisen<\/strong><b> mit den Gleitschirmfreunden Taunusstein<\/b><\/span><\/p>\n<p><span style=\"font-size: small;\"><span style=\"font-size: 12pt;\"> Gemeinsam Gleitschirmfliegen. Mit Freunden und dem Gleitschirm unterwegs zu sein macht in der Gruppe noch mehr Spass. Daher organisieren wir regelm\u00e4\u00dfige Unternehmungen. Beginnend von kleinen Wochenendtrips bis hin zu gemeinsamen Urlauben. Auf dieser Seite findest Du einige Informationen \u00fcber geplante Aktivit\u00e4ten oder kurze Berichte von\u00a0 unseren gemeinsamen Unternehmungen.<\/span><\/span><\/p>\n<p><span style=\"font-size: 12pt;\"><b><br \/>\n\u00d6l\u00fcdeniz September 2026<\/b><\/span><\/p>\n<p><span style=\"font-size: 12pt;\">Der zur Tradition gewordene Vereinsausflug nach \u00d6l\u00fcdeniz steht auch f\u00fcr 2026 wieder auf dem Programm.<br \/>\n<\/span><span style=\"font-size: 12pt;\">Termin: 29.08. &#8211; 11.09.2026 (1, 2 oder 3 Wochen m\u00f6glich). Bei Interesse bitte am Stammtisch ansprechen.<\/span><\/p>\n<p><img decoding=\"async\" src=\"http:\/\/gleitschirmfreunde-taunusstein.de\/wp-content\/uploads\/2023\/09\/63ca31ca-e9ab-4a8a-931d-36d967609deb.jpeg\" alt=\"\" \/><\/p>\n","protected":false},"excerpt":{"rendered":"<p>Reisen mit den Gleitschirmfreunden Taunusstein Gemeinsam Gleitschirmfliegen. Mit Freunden und dem Gleitschirm unterwegs zu sein macht in der Gruppe noch mehr Spass. Daher organisieren wir regelm\u00e4\u00dfige Unternehmungen. Beginnend von kleinen Wochenendtrips bis hin zu gemeinsamen Urlauben. Auf dieser Seite findest Du einige Informationen \u00fcber geplante Aktivit\u00e4ten oder kurze Berichte von\u00a0 \u2026 <a class=\"continue-reading-link\" href=\"https:\/\/gleitschirmfreunde-taunusstein.de\/?page_id=88\"> Continue reading <span class=\"meta-nav\">&rarr; <\/span><\/a><\/p>\n","protected":false},"author":2,"featured_media":0,"parent":0,"menu_order":0,"comment_status":"closed","ping_status":"closed","template":"","meta":{"_mc_calendar":[],"footnotes":""},"class_list":["post-88","page","type-page","status-publish","hentry"],"_links":{"self":[{"href":"https:\/\/gleitschirmfreunde-taunusstein.de\/index.php?rest_route=\/wp\/v2\/pages\/88","targetHints":{"allow":["GET"]}}],"collection":[{"href":"https:\/\/gleitschirmfreunde-taunusstein.de\/index.php?rest_route=\/wp\/v2\/pages"}],"about":[{"href":"https:\/\/gleitschirmfreunde-taunusstein.de\/index.php?rest_route=\/wp\/v2\/types\/page"}],"author":[{"embeddable":true,"href":"https:\/\/gleitschirmfreunde-taunusstein.de\/index.php?rest_route=\/wp\/v2\/users\/2"}],"replies":[{"embeddable":true,"href":"https:\/\/gleitschirmfreunde-taunusstein.de\/index.php?rest_route=%2Fwp%2Fv2%2Fcomments&post=88"}],"version-history":[{"count":53,"href":"https:\/\/gleitschirmfreunde-taunusstein.de\/index.php?rest_route=\/wp\/v2\/pages\/88\/revisions"}],"predecessor-version":[{"id":2909,"href":"https:\/\/gleitschirmfreunde-taunusstein.de\/index.php?rest_route=\/wp\/v2\/pages\/88\/revisions\/2909"}],"wp:attachment":[{"href":"https:\/\/gleitschirmfreunde-taunusstein.de\/index.php?rest_route=%2Fwp%2Fv2%2Fmedia&parent=88"}],"curies":[{"name":"wp","href":"https:\/\/api.w.org\/{rel}","templated":true}]}}